ime factors of s.
2, 2879
Suppose -48*b + 329382 = 39*b. List the prime factors of b.
2, 3, 631
Let s(m) = 4*m**2 - 26*m - 654. What are the prime factors of s(-41)?
2, 223
Suppose 7*r - 3567 = -1341. Suppose s = 4*f + 5*s - 660, 2*f + 5*s - r = 0. Suppose 3*u + 4*p - f = 0, 4*p + 251 = 5*u + 3*p. List the prime factors of u.
3, 17
Let j = -48 + -77. Let o = 210 + j. List the prime factors of o.
5, 17
Suppose 0 = 18*d - 14*d + 20, 0 = -5*m + 3*d + 39845. List the prime factors of m.
2, 7, 569
List the prime factors of 4877/1*(232/406 + (-17)/(-7)).
3, 4877
List the prime factors of 2602*(88 + -84 + (-6)/4).
5, 1301
Let k(d) = 438*d**2 - 39*d + 26. What are the prime factors of k(-12)?
2, 37, 859
Let r(o) = 161*o**2 + 68*o + 146. List the prime factors of r(-11).
3, 7, 29, 31
Let b(w) = -361*w - 273. What are the prime factors of b(-80)?
28607
Suppose -2*k + 4 = -4. Let y(j) = -j**3 + 4*j**2 + 4. Let g be y(k). Suppose -g*r - 43 = -n, n + 3*r = -n + 86. List the prime factors of n.
43
List the prime factors of 32/66 + 4/(-6) + (-37969880)/(-2860).
2, 3319
Let k(f) = 260*f**2 - 213*f - 1044. What are the prime factors of k(-5)?
6521
Let l(f) = f**3 + 8*f**2 + 10*f + 5. Let k be l(-5). Suppose -k = -7*u - 3*u. Suppose -u*n - 4*a + 141 + 469 = 0, -20 = -5*a. What are the prime factors of n?
2, 3, 11
Suppose 6*b + 114*i = 117*i + 409632, 5*b = 3*i + 341364. What are the prime factors of b?
2, 3, 5689
Let z be (6/9)/((-12)/(-90)). Suppose 2*r = 4*f - 766, 5*f - 621 = z*r + 334. What are the prime factors of f?
2, 3
Suppose 4*x - 77 = -17. Let j be 6 - 42/x - 8/(-10). Suppose -j*p = -2*p - 308. What are the prime factors of p?
2, 7, 11
Let o(p) = p**2 - 20*p + 22. Let d be o(19). Let t(x) = -x**3 - 11*x - x**2 + 0*x**d + 14*x + 76 + 2*x**3. What are the prime factors of t(0)?
2, 19
Suppose -94*m = 319334 - 3619298. What are the prime factors of m?
2, 3, 5851
Suppose 8*u - 6*u = 5*n + 4, u - 2 = 4*n. Suppose 4*a + 926 = 3*d - 0*d, 2*d + 5*a - 625 = n. What are the prime factors of d?
2, 5, 31
Suppose 139*a - 3644734 = -65*a - 850750. What are the prime factors of a?
2, 107
Let w = -85490 - -135877. What are the prime factors of w?
50387
Let r be 16/36 + (-40670)/(-63). Let l = 1218 - r. What are the prime factors of l?
2, 11, 13
Let z(c) = c**3 + 7*c**2 + 5*c + 1. Let l be z(-6). Suppose -5*r + 3*r = -10, -4*n - r = l. List the prime factors of 1*(126 - ((-24)/n - 4)).
2, 61
Suppose 16*w = 12*w + 7316. Suppose 6*y = 5*h + 3*y - 1822, w = 5*h + 4*y. What are the prime factors of h?
5, 73
Let a(v) = 76*v**2 - 117*v + 125. What are the prime factors of a(-25)?
2, 3, 5, 337
Suppose 0 = 2*l + 2*s - 10, -5*l = -0*l - 4*s - 25. Suppose q = l*q - 328. Suppose 0 = -2*g - 7*o + 4*o + 173, 3*o + q = g. List the prime factors of g.
5, 17
Suppose 682 = -3*y - 4*o + 220, -y - 5*o = 154. Let n = y - -480. Suppose -2*s = -4*x - 0*x - n, 5*s + 4*x - 787 = 0. List the prime factors of s.
3, 53
Let y be ((-1053)/15)/(-9) + (-4)/5. What are the prime factors of 742 - ((-7 - 4) + y)?
2, 373
Suppose 0 = 2*k + 5*f - 675, -5*f = k + 11 - 336. Let i = k + 99. What are the prime factors of i?
449
Suppose 0 = 8*a - 14*a - 36. List the prime factors of (1/2)/(a*5/(-2340)).
3, 13
Let u(c) = -c**3 - 44*c**2 - 74*c - 92. Let b be (-18)/(-63) + 909/(-21). What are the prime factors of u(b)?
17, 73
Let l = -256 + 256. Suppose -11*v + 14883 = -l*v. List the prime factors of v.
3, 11, 41
Let d = -34 + 31. Let g be 1 - d - 3 - -3. Suppose 0 = -g*p + 573 - 153. List the prime factors of p.
3, 5, 7
Suppose 7 = 7*s - 7. Suppose 2386 + 104 = s*f. List the prime factors of f.
3, 5, 83
Let p(u) = u**2 + 3*u - 8. Let b be ((-28)/6)/(36/(-54)). What are the prime factors of p(b)?
2, 31
Suppose 5*m - 2 = 5*n + 8*m, 5*m + 10 = -5*n. Suppose 4*j - 12 = -4*b, -2*b + 6 = -11*j + 6*j. Suppose j = n*z - 43 - 3. What are the prime factors of z?
23
Suppose -4*v = -5*q + 9555, q - 347 = v + 1563. Suppose -4*d = 5*u - 1435, 4*d + 465 - q = -2*u. What are the prime factors of d?
5, 73
Suppose 5*i - 2*v = 27 - 16, -4 = -2*i + v. Suppose -t + i*g + 396 = -g, 2*t = -g + 801. What are the prime factors of t?
2, 5
Suppose -3*s = -9, w + 3 = 3*w - s. Let b be (-12)/54 - 1*(-47)/9. Suppose b*r = w*t - 231 + 67, -4*t + 5*r + 217 = 0. What are the prime factors of t?
53
Let g = 15548 + -9704. List the prime factors of g.
2, 3, 487
Let d = -523 + 515. Let b(j) = 3*j**2 - 10*j - 161. List the prime factors of b(d).
3, 37
Let o = 134193 - 92037. List the prime factors of o.
2, 3, 1171
Suppose z + 420 = -3*c, 0 = -0*c + 5*c - z + 708. List the prime factors of (-32)/(-4)*(-1)/3*c.
2, 47
Suppose -12*s + 4218 = -16410. Suppose 2*d + 4*i - 440 = 0, -5*d + 4*i = -s + 661. What are the prime factors of d?
2, 107
Let k be -15*3*16/72. What are the prime factors of 9 + k - (7 - 2)*-106?
23
Let k(t) = -67 + 6*t**2 - 18 + 66*t - 14*t - 7*t**2. List the prime factors of k(39).
2, 211
Let l be (0 + -5)/(2/(-26)). Let b be (-10)/(-4)*216/60 + 1. Suppose b*p - 5*p = l. List the prime factors of p.
13
Suppose 3*d - 6 = 2*u, 10 = 5*d + u - 5*u. Let k(r) = -9*r - r**3 + 10*r - 10 + 2*r + 8*r**d. List the prime factors of k(8).
2, 7
What are the prime factors of (7 + -3)*(-61677)/(-44)?
3, 7, 89
Let s be (-52)/(-13) + (-3)/(-1). Let c(d) = 56*d + 70. What are the prime factors of c(s)?
2, 3, 7, 11
Suppose 5*y - 47610 = 12500. List the prime factors of y.
2, 6011
Let i be ((-24)/18)/(2*1/267). Let q = -105 - i. Suppose h = q - 17. What are the prime factors of h?
2, 7
Let v(o) = 3*o**3 - 3*o**2 + 2*o - 20. Let k(r) = -2*r**3 + 2*r**2 - r + 10. Let q(x) = 5*k(x) + 3*v(x). What are the prime factors of q(-6)?
2, 59
What are the prime factors of (-1162)/(-2905) + -2 + 710169/15?
3, 43, 367
Let z(m) = 178*m - 150. Suppose 3*g - 2*p - 13 = 0, -3*p = 2*g + p - 14. List the prime factors of z(g).
2, 5, 37
Suppose -149 = 19*w - 1897. Let p = w - -1209. What are the prime factors of p?
1301
Let u(h) = -h**2 - 21*h + 8. Let b be (4/1)/(6/66). Let c = -53 + b. What are the prime factors of u(c)?
2, 29
Suppose 252 = 62*q - 37320. What are the prime factors of q?
2, 3, 101
Let v(y) = -2*y**3 + 2*y**2 - 1. Let r be v(1). Let c(o) = -279*o**3 - o**2. Let x be c(r). Let l = x + -157. List the prime factors of l.
11
Let l be (-6)/(-4)*(8 + -6). List the prime factors of -9*1/l - -734.
17, 43
Suppose 3*g + 13 = 1. Let n(w) = -24*w + 0*w - 25 - 4*w. What are the prime factors of n(g)?
3, 29
Let u = 45199 - 28813. What are the prime factors of u?
2, 3, 2731
Let h be (-6)/18*(-12 - -3). Suppose h = 5*u + 8, -4*l = 2*u + 2. Suppose -5*y + 317 + 73 = l. List the prime factors of y.
2, 3, 13
Suppose 53*j = -5*b + 54*j + 39151, 2*j - 8 = 0. List the prime factors of b.
41, 191
Suppose -65 = -k + 2. Let y = -62 + k. Suppose y*t = t + 1108. What are the prime factors of t?
277
Suppose -182*p = -5*c - 178*p + 187201, 5*c - 187165 = -5*p. What are the prime factors of c?
3, 12479
Suppose 2*f = -3*s + 16789, 23*f = 24*f - 2. What are the prime factors of s?
3, 5, 373
Let f be (-3)/(-12) - (-22)/8. Let k be 138*((-1 - -6) + (1 - 5)). Suppose f*h + k = 408. What are the prime factors of h?
2, 3, 5
Suppose 15981 = -35*l + 143521. List the prime factors of l.
2, 911
Let b be (12/10)/((-6)/(-260)). Suppose -b*i = -48*i - 652. List the prime factors of i.
163
What are the prime factors of (-12)/60 - (-3821)/5 - -4?
2, 3
Suppose -67*k = -119738 - 142634. What are the prime factors of k?
2, 11, 89
Suppose 15488 = -8*t - 24*t. Let r = t + 826. What are the prime factors of r?
2, 3, 19
Let l(d) = d**3 - 14*d**2 - d + 17. Let n be l(14). What are the prime factors of (-998)/n*-12*(-9)/(-72)?
499
Let h(o) = 4*o**3 + 9*o**2 + 7*o - 3. Let v(x) = 17*x**3 - 6*x**2 - 20*x**3 + 4 - 6*x - 3*x**2. Let d(p) = 5*h(p) + 6*v(p). What are the prime factors of d(6)?
3, 37
Let n(d) = 68603*d + 483. List the prime factors of n(1).
2, 34543
Suppose -110*h = -19*h - 121282 - 923034. List the prime factors of h.
2, 19, 151
Suppose -4*f + 143033 = 5*j, 533*f - 531*f - 57212 = -2*j. What are the prime factors of j?
7, 61, 67
Let t = -5341 - -9151. What are the prime factors of t?
2, 3, 5, 127
Suppose -100 = 5*q - 270. Suppose q*i = 46*i - 10392. List the prime factors of i.
2, 433
Suppose 304